{"id":27468,"date":"2022-08-20T15:23:58","date_gmt":"2022-08-20T13:23:58","guid":{"rendered":"https:\/\/libcickekrizovatky.cz\/?page_id=27468"},"modified":"2022-08-20T15:23:58","modified_gmt":"2022-08-20T13:23:58","slug":"ing-lukas-kucera","status":"publish","type":"page","link":"https:\/\/libcickekrizovatky.cz\/?page_id=27468","title":{"rendered":"Ing. Luk\u00e1\u0161 Ku\u010dera"},"content":{"rendered":"<p><strong><a href=\"https:\/\/libcickekrizovatky.cz\/?page_id=27211\">Kandid\u00e1t do zastupitelstva<\/a> m\u011bsta Lib\u010dice nad Vltavou na 5.&nbsp;m\u00edst\u011b za Lib\u010dick\u00fd ob\u010dansk\u00fd spolek LOS.<\/strong><\/p>\n<p><img class=\"aligncenter size-large wp-image-27354\" src=\"https:\/\/libcickekrizovatky.cz\/content\/uploads\/2022\/08\/L5D5835_1600_1-683x1024.jpg\" alt=\"Ing. Luk\u00e1\u0161 Ku\u010dera (5.)\" width=\"100%\" srcset=\"https:\/\/libcickekrizovatky.cz\/content\/uploads\/2022\/08\/L5D5835_1600_1-683x1024.jpg 683w, https:\/\/libcickekrizovatky.cz\/content\/uploads\/2022\/08\/L5D5835_1600_1-200x300.jpg 200w, https:\/\/libcickekrizovatky.cz\/content\/uploads\/2022\/08\/L5D5835_1600_1-768x1152.jpg 768w, https:\/\/libcickekrizovatky.cz\/content\/uploads\/2022\/08\/L5D5835_1600_1-1024x1536.jpg 1024w, https:\/\/libcickekrizovatky.cz\/content\/uploads\/2022\/08\/L5D5835_1600_1.jpg 1067w\" sizes=\"(max-width: 683px) 100vw, 683px\" \/><\/p>\n<p>&nbsp;<\/p>\n<p>Luk\u00e1\u0161 je zku\u0161en\u00fd analytik v&nbsp;bankovn\u00edm sektoru, v&nbsp;sou\u010dasn\u00e9 dob\u011b nejv\u00edce spolupracuje s&nbsp;\u010cSOB. Svou pr\u00e1ci laik\u016fm popisuje jako spojnici mezi IT a&nbsp;finan\u010dn\u00edm a&nbsp;\u00fa\u010detn\u00edm \u0159\u00edzen\u00edm. Luk\u00e1\u0161 za svou dvacetiletou profesn\u00ed kari\u00e9ru v&nbsp;oblasti bankovnictv\u00ed a&nbsp;finan\u010dn\u00edho trhu pro\u0161el pozice v&nbsp;\u010cNB, \u010cesk\u00e9 spo\u0159iteln\u011b nebo Deloitte. Posledn\u00ed roky u\u017e pracuje jako konzultant na voln\u00e9 noze, kdy p\u0159ed\u00e1v\u00e1 sv\u00e9 znalosti z&nbsp;\u0159\u00edzen\u00ed projekt\u016f, reportingu, intern\u00edch audit\u016f a&nbsp;anal\u00fdzy i&nbsp;\u0159\u00edzen\u00ed rizik. V&nbsp;Lib\u010dic\u00edch ho ale sp\u00ed\u0161 ne\u017e u&nbsp;excelov\u00e9 tabulky potk\u00e1te u&nbsp;sportu, v\u017edy\u0165 kope za Pard\u00e1ly AFK Lib\u010dice.<\/p>\n<p><!--more--><\/p>\n<div class=\"gallery gallery-columns-4 gallery-size-thumbnail rps-image-gallery-format-default rps-image-gallery-theme-default rps-image-gallery-columns-no-responsive rps-image-gallery rps-image-gallery-masonry rps-image-gallery-no-heading rps-image-gallery-no-caption rps-image-gallery-no-social \" style=\"text-align:left\" pageSize=\"0\" currentPage=\"0\" ><ul class=\"background-thumbnails\"><li class=\"gallery-item gallery-item-begin-row\"><div class=\"gallery-icon landscape\"><a rel=\"rps-image-group-27468\" href=\"https:\/\/libcickekrizovatky.cz\/content\/uploads\/2022\/08\/pivo-scaled.jpg\" title=\"&amp;lt;div class=&amp;quot;fancybox-title-caption&amp;quot;&amp;gt;Ing. Luk\u00e1\u0161 Ku\u010dera (5.)&amp;lt;\/div&amp;gt;\"><img src=\"https:\/\/libcickekrizovatky.cz\/content\/uploads\/2022\/08\/pivo-250x250.jpg\" alt=\"Ing. Luk\u00e1\u0161 Ku\u010dera (5.)\" title=\"Ing. Luk\u00e1\u0161 Ku\u010dera (5.)\" class=\"attachment-thumbnail\" width=\"250\" height=\"250\" sizes=\"(max-width: 250px) 100vw, 250px\"><\/a><\/div><\/li><li class=\"gallery-item \"><div class=\"gallery-icon landscape\"><a rel=\"rps-image-group-27468\" href=\"https:\/\/libcickekrizovatky.cz\/content\/uploads\/2022\/08\/fotbal_Libzice.jpg\" title=\"&amp;lt;div class=&amp;quot;fancybox-title-caption&amp;quot;&amp;gt;Ing. Luk\u00e1\u0161 Ku\u010dera (5.)&amp;lt;\/div&amp;gt;\"><img src=\"https:\/\/libcickekrizovatky.cz\/content\/uploads\/2022\/08\/fotbal_Libzice-250x250.jpg\" alt=\"Ing. Luk\u00e1\u0161 Ku\u010dera (5.)\" title=\"Ing. Luk\u00e1\u0161 Ku\u010dera (5.)\" class=\"attachment-thumbnail\" width=\"250\" height=\"250\" sizes=\"(max-width: 250px) 100vw, 250px\"><\/a><\/div><\/li><li class=\"gallery-item \"><div class=\"gallery-icon landscape\"><a rel=\"rps-image-group-27468\" href=\"https:\/\/libcickekrizovatky.cz\/content\/uploads\/2022\/08\/halfmaraton.jpg\" title=\"&amp;lt;div class=&amp;quot;fancybox-title-caption&amp;quot;&amp;gt;Ing. Luk\u00e1\u0161 Ku\u010dera (5.)&amp;lt;\/div&amp;gt;\"><img src=\"https:\/\/libcickekrizovatky.cz\/content\/uploads\/2022\/08\/halfmaraton-250x250.jpg\" alt=\"Ing. Luk\u00e1\u0161 Ku\u010dera (5.)\" title=\"Ing. Luk\u00e1\u0161 Ku\u010dera (5.)\" class=\"attachment-thumbnail\" width=\"250\" height=\"250\" sizes=\"(max-width: 250px) 100vw, 250px\"><\/a><\/div><\/li><li class=\"gallery-item gallery-item-end-row\"><div class=\"gallery-icon landscape\"><a rel=\"rps-image-group-27468\" href=\"https:\/\/libcickekrizovatky.cz\/content\/uploads\/2022\/08\/Rumunsko.jpg\" title=\"&amp;lt;div class=&amp;quot;fancybox-title-caption&amp;quot;&amp;gt;Ing. Luk\u00e1\u0161 Ku\u010dera (5.)&amp;lt;\/div&amp;gt;\"><img src=\"https:\/\/libcickekrizovatky.cz\/content\/uploads\/2022\/08\/Rumunsko-250x250.jpg\" alt=\"Ing. Luk\u00e1\u0161 Ku\u010dera (5.)\" title=\"Ing. Luk\u00e1\u0161 Ku\u010dera (5.)\" class=\"attachment-thumbnail last\" width=\"250\" height=\"250\" srcset=\"https:\/\/libcickekrizovatky.cz\/content\/uploads\/2022\/08\/Rumunsko-250x250.jpg 250w, https:\/\/libcickekrizovatky.cz\/content\/uploads\/2022\/08\/Rumunsko-300x300.jpg 300w, https:\/\/libcickekrizovatky.cz\/content\/uploads\/2022\/08\/Rumunsko-1024x1024.jpg 1024w, https:\/\/libcickekrizovatky.cz\/content\/uploads\/2022\/08\/Rumunsko-768x768.jpg 768w, https:\/\/libcickekrizovatky.cz\/content\/uploads\/2022\/08\/Rumunsko-1536x1536.jpg 1536w, https:\/\/libcickekrizovatky.cz\/content\/uploads\/2022\/08\/Rumunsko.jpg 1560w\" sizes=\"(max-width: 250px) 100vw, 250px\"><\/a><\/div><\/li><\/ul><\/div>\n<p>Ve velk\u00e9 zkratce lze \u0159\u00edci, \u017ee opravdu rozum\u00ed dat\u016fm, vzorc\u016fm a&nbsp;tabulk\u00e1m a&nbsp;d\u00edky tomu je vyhled\u00e1van\u00fdm odborn\u00edkem pro nastaven\u00ed finan\u010dn\u00edch audit\u016f a&nbsp;kontroly. Jeho analytick\u00fd pohled a&nbsp;schopnost stav\u011bt n\u00e1zory na datech a&nbsp;nikoliv na pocitech, jsou opravdu cennou Luk\u00e1\u0161ovou dovednost\u00ed, kter\u00e1 diskuze posouv\u00e1 spr\u00e1vn\u00fdm, v\u011bcn\u00fdm sm\u011brem.<\/p>\n<p>&gt; <span style=\"text-decoration: underline;\"><a href=\"https:\/\/libcickekrizovatky.cz\/?page_id=27211\">Pod\u00edvejte se na dal\u0161\u00ed kandid\u00e1ty Lib\u010dick\u00e9ho ob\u010dansk\u00e9ho spolku LOS do zastupitelstva m\u011bsta Lib\u010dice nad Vltavou v&nbsp;roce 2022<\/a><\/span><\/p>\n","protected":false},"excerpt":{"rendered":"<p>Kandid\u00e1t do zastupitelstva m\u011bsta Lib\u010dice nad Vltavou na 5.&nbsp;m\u00edst\u011b za Lib\u010dick\u00fd ob\u010dansk\u00fd spolek LOS. &nbsp; Luk\u00e1\u0161 je zku\u0161en\u00fd analytik v&nbsp;bankovn\u00edm sektoru, v&nbsp;sou\u010dasn\u00e9 dob\u011b nejv\u00edce spolupracuje s&nbsp;\u010cSOB. Svou pr\u00e1ci laik\u016fm popisuje jako spojnici mezi IT a&nbsp;finan\u010dn\u00edm a&nbsp;\u00fa\u010detn\u00edm \u0159\u00edzen\u00edm. Luk\u00e1\u0161 za svou dvacetiletou profesn\u00ed kari\u00e9ru v&nbsp;oblasti bankovnictv\u00ed a&nbsp;finan\u010dn\u00edho trhu pro\u0161el pozice v&nbsp;\u010cNB, \u010cesk\u00e9 spo\u0159iteln\u011b nebo Deloitte. Posledn\u00ed [&hellip;]<\/p>\n","protected":false},"author":29,"featured_media":27354,"parent":27211,"menu_order":0,"comment_status":"closed","ping_status":"closed","template":"","meta":[],"_links":{"self":[{"href":"https:\/\/libcickekrizovatky.cz\/index.php?rest_route=\/wp\/v2\/pages\/27468"}],"collection":[{"href":"https:\/\/libcickekrizovatky.cz\/index.php?rest_route=\/wp\/v2\/pages"}],"about":[{"href":"https:\/\/libcickekrizovatky.cz\/index.php?rest_route=\/wp\/v2\/types\/page"}],"author":[{"embeddable":true,"href":"https:\/\/libcickekrizovatky.cz\/index.php?rest_route=\/wp\/v2\/users\/29"}],"replies":[{"embeddable":true,"href":"https:\/\/libcickekrizovatky.cz\/index.php?rest_route=%2Fwp%2Fv2%2Fcomments&post=27468"}],"version-history":[{"count":1,"href":"https:\/\/libcickekrizovatky.cz\/index.php?rest_route=\/wp\/v2\/pages\/27468\/revisions"}],"predecessor-version":[{"id":27474,"href":"https:\/\/libcickekrizovatky.cz\/index.php?rest_route=\/wp\/v2\/pages\/27468\/revisions\/27474"}],"up":[{"embeddable":true,"href":"https:\/\/libcickekrizovatky.cz\/index.php?rest_route=\/wp\/v2\/pages\/27211"}],"wp:featuredmedia":[{"embeddable":true,"href":"https:\/\/libcickekrizovatky.cz\/index.php?rest_route=\/wp\/v2\/media\/27354"}],"wp:attachment":[{"href":"https:\/\/libcickekrizovatky.cz\/index.php?rest_route=%2Fwp%2Fv2%2Fmedia&parent=27468"}],"curies":[{"name":"wp","href":"https:\/\/api.w.org\/{rel}","templated":true}]}}